 1759
What are the prime factors of 26424182?
2, 3361, 3931
List the prime factors of 48292416.
2, 3, 27947
List the prime factors of 33337088.
2, 130223
What are the prime factors of 392071964?
2, 4421, 22171
List the prime factors of 1009792232.
2, 467, 270287
List the prime factors of 92699666.
2, 577, 80329
List the prime factors of 270662042.
2, 7, 109, 193, 919
List the prime factors of 959422493.
43, 193, 599
What are the prime factors of 146073610?
2, 5, 331, 44131
List the prime factors of 500883460.
2, 5, 7, 11, 325249
What are the prime factors of 50797763?
29, 1751647
What are the prime factors of 83975487?
3, 641, 43669
List the prime factors of 1484396115.
3, 5, 787, 125743
What are the prime factors of 14452903?
37, 97, 4027
What are the prime factors of 32065874?
2, 43, 372859
List the prime factors of 197921073.
3, 7, 227, 41519
List the prime factors of 6061770525.
3, 5, 80823607
What are the prime factors of 299449152?
2, 3, 17, 53, 577
List the prime factors of 88470299.
113, 227, 3449
What are the prime factors of 1522068989?
7, 217438427
List the prime factors of 7752532734.
2, 3, 1901, 75521
What are the prime factors of 208988455?
5, 13, 3215207
List the prime factors of 95477551.
13, 31, 236917
List the prime factors of 8817581173.
8817581173
What are the prime factors of 11757269?
11757269
List the prime factors of 630409479.
3, 7, 157, 367, 521
What are the prime factors of 82192089?
3, 7, 479, 8171
List the prime factors of 4694183566.
2, 2347091783
List the prime factors of 664011000.
2, 3, 5, 24593
What are the prime factors of 6371562680?
2, 5, 7, 31, 443, 1657
List the prime factors of 2487294784.
2, 13, 2989537
What are the prime factors of 6339180?
2, 3, 5, 105653
List the prime factors of 797574493.
809, 985877
What are the prime factors of 1411272393?
3, 53, 61, 227, 641
List the prime factors of 51350208.
2, 3, 7, 13, 2939
List the prime factors of 299182399.
299182399
What are the prime factors of 171412346?
2, 7, 59, 207521
What are the prime factors of 360102967?
7, 2447, 21023
List the prime factors of 44942412.
2, 3, 3745201
List the prime factors of 177914090.
2, 5, 17791409
What are the prime factors of 45271100?
2, 5, 7, 9239
List the prime factors of 2817500814.
2, 3, 17, 3069173
What are the prime factors of 150224026?
2, 43, 983, 1777
List the prime factors of 746149214.
2, 373074607
What are the prime factors of 72272284?
2, 7, 31, 53, 1571
What are the prime factors of 2325764487?
3, 775254829
List the prime factors of 158818926.
2, 3, 7, 3781403
List the prime factors of 1144159084.
2, 167, 1712813
What are the prime factors of 501679456?
2, 15677483
What are the prime factors of 79750286?
2, 7, 11, 109, 4751
What are the prime factors of 791589982?
2, 8863, 44657
What are the prime factors of 11158750?
2, 5, 79, 113
What are the prime factors of 305375925?
3, 5, 4071679
What are the prime factors of 6150768861?
3, 17, 557, 216523
What are the prime factors of 319294661?
7, 269, 169567
What are the prime factors of 4624555346?
2, 59, 39191147
List the prime factors of 44553643.
6373, 6991
What are the prime factors of 527450715?
3, 5, 11, 1065557
List the prime factors of 1603563322.
2, 257, 593, 5261
What are the prime factors of 108468885?
3, 5, 7, 1033037
What are the prime factors of 14874173?
43, 281, 1231
What are the prime factors of 39952277?
233, 171469
What are the prime factors of 96617512?
2, 353, 34213
What are the prime factors of 1003626838?
2, 29, 17303911
List the prime factors of 295423956.
2, 3, 1481, 1847
What are the prime factors of 6393935?
5, 1278787
What are the prime factors of 114573564?
2, 3, 7, 64951
What are the prime factors of 86397581?
86397581
List the prime factors of 221109946.
2, 541, 204353
What are the prime factors of 1910890721?
1910890721
What are the prime factors of 76625114?
2, 38312557
What are the prime factors of 165311200?
2, 5, 206639
List the prime factors of 225843451.
97, 2328283
List the prime factors of 21815342.
2, 1453, 7507
What are the prime factors of 372793278?
2, 3, 11, 13, 37, 11743
List the prime factors of 287431828.
2, 23, 293, 10663
List the prime factors of 110348190.
2, 3, 5, 17, 29, 829
List the prime factors of 170422995.
3, 5, 29, 401, 977
List the prime factors of 586844614.
2, 1873, 156659
List the prime factors of 53458760.
2, 5, 1336469
List the prime factors of 75772690.
2, 5, 7, 1082467
List the prime factors of 3095973863.
1693, 1828691
List the prime factors of 125138851.
83, 1507697
List the prime factors of 324536166.
2, 3, 6009929
What are the prime factors of 192006033?
3, 31, 2064581
List the prime factors of 223502718.
2, 3, 37, 1006769
List the prime factors of 40815216.
2, 3, 13, 21803
List the prime factors of 1596260394.
2, 3, 67, 1323599
List the prime factors of 403122088.
2, 17, 19, 156007
List the prime factors of 2633461272.
2, 3, 13, 1051, 2677
What are the prime factors of 38671431?
3, 12890477
What are the prime factors of 304431270?
2, 3, 5, 11, 13, 29, 2447
What are the prime factors of 36287943?
3, 2083, 5807
List the prime factors of 51778039.
17, 41, 74287
What are the prime factors of 26849596?
2, 17, 31, 47, 271
What are the prime factors of 171944806?
2, 11, 7815673
List the prime factors of 130628553.
3, 11, 19, 157, 1327
What are the prime factors of 485515335?
3, 5, 31, 73, 14303
List the prime factors of 193183341.
3, 13, 2003, 2473
List the prime factors of 151847449.
13, 19, 23, 26729
What are the prime factors of 465137693?
37, 433, 29033
List the prime factors of 393337722.
2, 3, 65556287
List the prime factors of 32575502.
2, 17, 56359
List the prime factors of 5424492066.
2, 3, 7, 129154573
List the prime factors of 46551359.
41, 173, 6563
What are the prime factors of 268371112?
2, 17, 1973317
What are the prime factors of 664038916?
2, 166009729
What are the prime factors of 35097258?
2, 3, 7, 131, 6379
What are the prime factors of 23903436?
2, 3, 193, 10321
List the prime factors of 1037543393.
19, 491, 111217
List the prime factors of 100111399.
19, 5269021
What are the prime factors of 557524663?
557524663
List the prime factors of 52751526.
2, 3, 191, 241
What are the prime factors of 207741242?
2, 59, 787, 2237
What are the prime factors of 47790027?
3, 1770001
What are the prime factors of 1202830544?
2, 75176909
What are the prime factors of 26880659?
13, 227, 9109
List the prime factors of 522260835.
3, 5, 229, 152041
List the prime factors of 100780057.
7, 3593, 4007
List the prime factors of 1535172607.
17, 31, 2913041
List the prime factors of 32029832.
2, 4003729
What are the prime factors of 438588717?
3, 7, 20885177
List the prime factors of 56854225.
5, 73, 31153
What are the prime factors of 169820184?
2, 3, 7075841
What are the prime factors of 237581565?
3, 5, 13, 1218367
What are the prime factors of 24964497?
3, 463, 1997
List the prime factors of 1906006834.
2, 503, 1894639
List the prime factors of 24633954.
2, 3, 89, 15377
What are the prime factors of 1155315544?
2, 144414443
What are the prime factors of 140872104?
2, 3, 1129, 1733
List the prime factors of 40156865.
5, 7, 1147339
What are the prime factors of 5204415053?
3739, 1391927
List the prime factors of 3539168116.
2, 11, 191, 353, 1193
List the prime factors of 1700520126.
2, 3, 283420021
What are the prime factors of 144095422?
2, 72047711
List the prime factors of 2832668274.
2, 3, 37, 12759767
List the prime factors of 197949675.
3, 5, 7, 11, 151, 227
What are the prime factors of 3159720372?
2, 3, 8699, 30269
What are the prime factors of 13502703?
3, 4500901
What are the prime factors of 320037212?
2, 11, 367, 19819
What are the prime factors of 434213646?
2, 3, 613, 118057
What are the prime factors of 573709876?
2, 143427469
List the prime factors of 483885070.
2, 5, 48388507
What are the prime factors of 17405986?
2, 13, 23, 2239
List the prime factors of 11530712.
2, 1441339
List the prime factors of 16226748.
2, 3, 643, 701
What are the prime factors of 44378226?
2, 3, 821819
List the prime factors of 283282672.
2, 29, 610523
List the prime factors of 19587941.
59, 331999
What are the prime factors of 495675775?
5, 7, 2832433
What are the prime factors of 353907349?
353907349
Wh